{"id":6796,"date":"2026-03-14T10:38:58","date_gmt":"2026-03-14T10:38:58","guid":{"rendered":"https:\/\/tiramol.com\/?post_type=product&#038;p=6796"},"modified":"2026-03-14T10:47:00","modified_gmt":"2026-03-14T10:47:00","slug":"outfit-stylish","status":"publish","type":"product","link":"https:\/\/tiramol.com\/?product=outfit-stylish","title":{"rendered":"OUTFIT STYLISH"},"content":{"rendered":"<p>Ovaj outfit spaja eleganciju sa totalno ludim dizajnerskim detaljima. Crna ko\u0161ulja je klasi\u010dni kroj koja ima dugi ovratnik u \u0161pic. Minimalisti\u010dka baza outfita omogu\u0107uje da detalji do\u0111u do izra\u017eaja. Statement komad ovog stylinga je kratka dizajnerska jakna s upe\u010datljivim strukturiranim rukavima i kontrastnim panelima koji stvaraju sna\u017ean modni karakter. Metalni detalji nagla\u0161avaju avangardni stil. Kravata handmade daje cijelom outfitu jedan posebni chick. <\/p>\n","protected":false},"excerpt":{"rendered":"<p>Ovaj outfit spaja eleganciju sa totalno ludim dizajnerskim detaljima. Crna ko\u0161ulja je klasi\u010dni kroj koja ima dugi ovratnik u \u0161pic. Minimalisti\u010dka baza outfita omogu\u0107uje da detalji do\u0111u do izra\u017eaja. Statement komad ovog stylinga je kratka dizajnerska jakna s upe\u010datljivim strukturiranim rukavima i kontrastnim panelima koji stvaraju sna\u017ean modni karakter. Metalni detalji nagla\u0161avaju avangardni stil. Kravata [&hellip;]<\/p>\n","protected":false},"featured_media":6755,"template":"","meta":[],"product_brand":[],"product_cat":[39,70,102,16,400,117,189,149],"product_tag":[74,105,32,18,402,17,86],"class_list":{"0":"post-6796","1":"product","2":"type-product","3":"status-publish","4":"has-post-thumbnail","6":"product_cat-bitemystyle","7":"product_cat-hlace","8":"product_cat-jakna","9":"product_cat-kosulja","10":"product_cat-kravata","11":"product_cat-mamma-mia-art","12":"product_cat-mammamia-art","13":"product_cat-outfit","14":"product_tag-hlace","15":"product_tag-hrvatski-dizajn","16":"product_tag-jakna","17":"product_tag-kosulja","18":"product_tag-ouftit","19":"product_tag-tiramol","20":"product_tag-tiramol-hr","22":"first","23":"instock","24":"taxable","25":"shipping-taxable","26":"purchasable","27":"product-type-woosb"},"_links":{"self":[{"href":"https:\/\/tiramol.com\/index.php?rest_route=\/wp\/v2\/product\/6796","targetHints":{"allow":["GET"]}}],"collection":[{"href":"https:\/\/tiramol.com\/index.php?rest_route=\/wp\/v2\/product"}],"about":[{"href":"https:\/\/tiramol.com\/index.php?rest_route=\/wp\/v2\/types\/product"}],"wp:featuredmedia":[{"embeddable":true,"href":"https:\/\/tiramol.com\/index.php?rest_route=\/wp\/v2\/media\/6755"}],"wp:attachment":[{"href":"https:\/\/tiramol.com\/index.php?rest_route=%2Fwp%2Fv2%2Fmedia&parent=6796"}],"wp:term":[{"taxonomy":"product_brand","embeddable":true,"href":"https:\/\/tiramol.com\/index.php?rest_route=%2Fwp%2Fv2%2Fproduct_brand&post=6796"},{"taxonomy":"product_cat","embeddable":true,"href":"https:\/\/tiramol.com\/index.php?rest_route=%2Fwp%2Fv2%2Fproduct_cat&post=6796"},{"taxonomy":"product_tag","embeddable":true,"href":"https:\/\/tiramol.com\/index.php?rest_route=%2Fwp%2Fv2%2Fproduct_tag&post=6796"}],"curies":[{"name":"wp","href":"https:\/\/api.w.org\/{rel}","templated":true}]}}