{"id":6651,"date":"2026-03-09T15:20:46","date_gmt":"2026-03-09T15:20:46","guid":{"rendered":"https:\/\/tiramol.com\/?post_type=product&#038;p=6651"},"modified":"2026-04-24T07:51:35","modified_gmt":"2026-04-24T07:51:35","slug":"t-shirt-kosulja-2","status":"publish","type":"product","link":"https:\/\/tiramol.com\/?product=t-shirt-kosulja-2","title":{"rendered":"T SHIRT M3 ko\u0161ulja"},"content":{"rendered":"<p>Brand: Tiramol hr<br \/>\nArtikal: ko\u0161ulja<br \/>\nMaterijal:<br \/>\nDostupna veli\u010dina: one size<\/p>\n<p>Model je visina 173cm iznosi veli\u010dinu one size<\/p>\n","protected":false},"excerpt":{"rendered":"<p>Brand: Tiramol hr Artikal: ko\u0161ulja Materijal: Dostupna veli\u010dina: one size Model je visina 173cm iznosi veli\u010dinu one size<\/p>\n","protected":false},"featured_media":6652,"template":"","meta":[],"product_brand":[],"product_cat":[16,85],"product_tag":[95,105,18,86],"class_list":{"0":"post-6651","1":"product","2":"type-product","3":"status-publish","4":"has-post-thumbnail","6":"product_cat-kosulja","7":"product_cat-tiramol-hr","8":"product_tag-zadar","9":"product_tag-hrvatski-dizajn","10":"product_tag-kosulja","11":"product_tag-tiramol-hr","13":"first","14":"instock","15":"taxable","16":"shipping-taxable","17":"purchasable","18":"product-type-simple"},"_links":{"self":[{"href":"https:\/\/tiramol.com\/index.php?rest_route=\/wp\/v2\/product\/6651","targetHints":{"allow":["GET"]}}],"collection":[{"href":"https:\/\/tiramol.com\/index.php?rest_route=\/wp\/v2\/product"}],"about":[{"href":"https:\/\/tiramol.com\/index.php?rest_route=\/wp\/v2\/types\/product"}],"wp:featuredmedia":[{"embeddable":true,"href":"https:\/\/tiramol.com\/index.php?rest_route=\/wp\/v2\/media\/6652"}],"wp:attachment":[{"href":"https:\/\/tiramol.com\/index.php?rest_route=%2Fwp%2Fv2%2Fmedia&parent=6651"}],"wp:term":[{"taxonomy":"product_brand","embeddable":true,"href":"https:\/\/tiramol.com\/index.php?rest_route=%2Fwp%2Fv2%2Fproduct_brand&post=6651"},{"taxonomy":"product_cat","embeddable":true,"href":"https:\/\/tiramol.com\/index.php?rest_route=%2Fwp%2Fv2%2Fproduct_cat&post=6651"},{"taxonomy":"product_tag","embeddable":true,"href":"https:\/\/tiramol.com\/index.php?rest_route=%2Fwp%2Fv2%2Fproduct_tag&post=6651"}],"curies":[{"name":"wp","href":"https:\/\/api.w.org\/{rel}","templated":true}]}}