{"id":6408,"date":"2026-02-18T17:29:17","date_gmt":"2026-02-18T17:29:17","guid":{"rendered":"https:\/\/tiramol.com\/?post_type=product&#038;p=6408"},"modified":"2026-04-24T07:37:13","modified_gmt":"2026-04-24T07:37:13","slug":"t-shirt-kosulja","status":"publish","type":"product","link":"https:\/\/tiramol.com\/?product=t-shirt-kosulja","title":{"rendered":"T SHIRT M2 KO\u0160ULJA"},"content":{"rendered":"<p>Brand: Tiramol hr<br \/>\nArtikal: ko\u0161ulja<br \/>\nMaterijal:<br \/>\nDostupna veli\u010dina: univerzalna<\/p>\n<p>Model je visine 173cm i nosi veli\u010dinu univerzalnu<\/p>\n","protected":false},"excerpt":{"rendered":"<p>Brand: Tiramol hr Artikal: ko\u0161ulja Materijal: Dostupna veli\u010dina: univerzalna Model je visine 173cm i nosi veli\u010dinu univerzalnu<\/p>\n","protected":false},"featured_media":6409,"template":"","meta":[],"product_brand":[],"product_cat":[16,85],"product_tag":[105,18,17],"class_list":{"0":"post-6408","1":"product","2":"type-product","3":"status-publish","4":"has-post-thumbnail","6":"product_cat-kosulja","7":"product_cat-tiramol-hr","8":"product_tag-hrvatski-dizajn","9":"product_tag-kosulja","10":"product_tag-tiramol","12":"first","13":"instock","14":"taxable","15":"shipping-taxable","16":"purchasable","17":"product-type-simple"},"_links":{"self":[{"href":"https:\/\/tiramol.com\/index.php?rest_route=\/wp\/v2\/product\/6408","targetHints":{"allow":["GET"]}}],"collection":[{"href":"https:\/\/tiramol.com\/index.php?rest_route=\/wp\/v2\/product"}],"about":[{"href":"https:\/\/tiramol.com\/index.php?rest_route=\/wp\/v2\/types\/product"}],"wp:featuredmedia":[{"embeddable":true,"href":"https:\/\/tiramol.com\/index.php?rest_route=\/wp\/v2\/media\/6409"}],"wp:attachment":[{"href":"https:\/\/tiramol.com\/index.php?rest_route=%2Fwp%2Fv2%2Fmedia&parent=6408"}],"wp:term":[{"taxonomy":"product_brand","embeddable":true,"href":"https:\/\/tiramol.com\/index.php?rest_route=%2Fwp%2Fv2%2Fproduct_brand&post=6408"},{"taxonomy":"product_cat","embeddable":true,"href":"https:\/\/tiramol.com\/index.php?rest_route=%2Fwp%2Fv2%2Fproduct_cat&post=6408"},{"taxonomy":"product_tag","embeddable":true,"href":"https:\/\/tiramol.com\/index.php?rest_route=%2Fwp%2Fv2%2Fproduct_tag&post=6408"}],"curies":[{"name":"wp","href":"https:\/\/api.w.org\/{rel}","templated":true}]}}