{"id":6249,"date":"2026-02-13T18:23:17","date_gmt":"2026-02-13T18:23:17","guid":{"rendered":"https:\/\/tiramol.com\/?post_type=product&#038;p=6249"},"modified":"2026-02-16T17:12:56","modified_gmt":"2026-02-16T17:12:56","slug":"issa079","status":"publish","type":"product","link":"https:\/\/tiramol.com\/?product=issa079","title":{"rendered":"ISSA 079"},"content":{"rendered":"<p>Brand: ISSA by Lea Ili\u0107<br \/>\nArtikal: kapa<br \/>\nMaterijal: 100% pamuk<br \/>\nDostupna veli\u010dina: univerzalna<\/p>\n<p>Model je visine 173cm i nosi veli\u010dinu M<\/p>\n","protected":false},"excerpt":{"rendered":"<p>Brand: ISSA by Lea Ili\u0107 Artikal: kapa Materijal: 100% pamuk Dostupna veli\u010dina: univerzalna Model je visine 173cm i nosi veli\u010dinu M<\/p>\n","protected":false},"featured_media":6164,"template":"","meta":[],"product_brand":[],"product_cat":[69,57],"product_tag":[105,151,59,86],"class_list":{"0":"post-6249","1":"product","2":"type-product","3":"status-publish","4":"has-post-thumbnail","6":"product_cat-issa-by-lea-ilic","7":"product_cat-kapa","8":"product_tag-hrvatski-dizajn","9":"product_tag-issa-by-lea-ilic","10":"product_tag-kapa","11":"product_tag-tiramol-hr","13":"first","14":"instock","15":"taxable","16":"shipping-taxable","17":"purchasable","18":"product-type-simple"},"_links":{"self":[{"href":"https:\/\/tiramol.com\/index.php?rest_route=\/wp\/v2\/product\/6249","targetHints":{"allow":["GET"]}}],"collection":[{"href":"https:\/\/tiramol.com\/index.php?rest_route=\/wp\/v2\/product"}],"about":[{"href":"https:\/\/tiramol.com\/index.php?rest_route=\/wp\/v2\/types\/product"}],"wp:featuredmedia":[{"embeddable":true,"href":"https:\/\/tiramol.com\/index.php?rest_route=\/wp\/v2\/media\/6164"}],"wp:attachment":[{"href":"https:\/\/tiramol.com\/index.php?rest_route=%2Fwp%2Fv2%2Fmedia&parent=6249"}],"wp:term":[{"taxonomy":"product_brand","embeddable":true,"href":"https:\/\/tiramol.com\/index.php?rest_route=%2Fwp%2Fv2%2Fproduct_brand&post=6249"},{"taxonomy":"product_cat","embeddable":true,"href":"https:\/\/tiramol.com\/index.php?rest_route=%2Fwp%2Fv2%2Fproduct_cat&post=6249"},{"taxonomy":"product_tag","embeddable":true,"href":"https:\/\/tiramol.com\/index.php?rest_route=%2Fwp%2Fv2%2Fproduct_tag&post=6249"}],"curies":[{"name":"wp","href":"https:\/\/api.w.org\/{rel}","templated":true}]}}