{"id":5974,"date":"2026-02-03T21:19:56","date_gmt":"2026-02-03T21:19:56","guid":{"rendered":"https:\/\/tiramol.com\/?post_type=product&#038;p=5974"},"modified":"2026-02-10T18:13:21","modified_gmt":"2026-02-10T18:13:21","slug":"outfit-anima","status":"publish","type":"product","link":"https:\/\/tiramol.com\/?product=outfit-anima","title":{"rendered":"OUTFIT ANIMA"},"content":{"rendered":"<p>Dugi kaput s leopard uzorkom Mommysgarden daje sna\u017ean vizualni potpis i lijepo se ve\u017ee u struku za nagla\u0161enu siluetu. Ispod njega, fluidna plava bluza Krie design unosi boju i meko\u0107u, dok \u0161iroke hla\u010de ravnog kroja osiguravaju udobnost i moderan, izdu\u017een izgled. Outfit je istovremeno chic, nosiv i upe\u010datljiv \u2013 idealan za grad, posao ili posebne prilike kada \u017eeli\u0161 izgledati samouvjereno i druga\u010dije.<\/p>\n","protected":false},"excerpt":{"rendered":"<p>Dugi kaput s leopard uzorkom Mommysgarden daje sna\u017ean vizualni potpis i lijepo se ve\u017ee u struku za nagla\u0161enu siluetu. Ispod njega, fluidna plava bluza Krie design unosi boju i meko\u0107u, dok \u0161iroke hla\u010de ravnog kroja osiguravaju udobnost i moderan, izdu\u017een izgled. Outfit je istovremeno chic, nosiv i upe\u010datljiv \u2013 idealan za grad, posao ili posebne [&hellip;]<\/p>\n","protected":false},"featured_media":5959,"template":"","meta":[],"product_brand":[],"product_cat":[38,293],"product_tag":[95,74,105,22,18,17,86],"class_list":{"0":"post-5974","1":"product","2":"type-product","3":"status-publish","4":"has-post-thumbnail","6":"product_cat-krie-design","7":"product_cat-mommys-garden","8":"product_tag-zadar","9":"product_tag-hlace","10":"product_tag-hrvatski-dizajn","11":"product_tag-kaput","12":"product_tag-kosulja","13":"product_tag-tiramol","14":"product_tag-tiramol-hr","16":"first","17":"instock","18":"taxable","19":"shipping-taxable","20":"product-type-simple"},"_links":{"self":[{"href":"https:\/\/tiramol.com\/index.php?rest_route=\/wp\/v2\/product\/5974","targetHints":{"allow":["GET"]}}],"collection":[{"href":"https:\/\/tiramol.com\/index.php?rest_route=\/wp\/v2\/product"}],"about":[{"href":"https:\/\/tiramol.com\/index.php?rest_route=\/wp\/v2\/types\/product"}],"wp:featuredmedia":[{"embeddable":true,"href":"https:\/\/tiramol.com\/index.php?rest_route=\/wp\/v2\/media\/5959"}],"wp:attachment":[{"href":"https:\/\/tiramol.com\/index.php?rest_route=%2Fwp%2Fv2%2Fmedia&parent=5974"}],"wp:term":[{"taxonomy":"product_brand","embeddable":true,"href":"https:\/\/tiramol.com\/index.php?rest_route=%2Fwp%2Fv2%2Fproduct_brand&post=5974"},{"taxonomy":"product_cat","embeddable":true,"href":"https:\/\/tiramol.com\/index.php?rest_route=%2Fwp%2Fv2%2Fproduct_cat&post=5974"},{"taxonomy":"product_tag","embeddable":true,"href":"https:\/\/tiramol.com\/index.php?rest_route=%2Fwp%2Fv2%2Fproduct_tag&post=5974"}],"curies":[{"name":"wp","href":"https:\/\/api.w.org\/{rel}","templated":true}]}}