{"id":5804,"date":"2026-01-28T15:01:26","date_gmt":"2026-01-28T15:01:26","guid":{"rendered":"https:\/\/tiramol.com\/?post_type=product&#038;p=5804"},"modified":"2026-02-10T18:18:15","modified_gmt":"2026-02-10T18:18:15","slug":"outfit-sport","status":"publish","type":"product","link":"https:\/\/tiramol.com\/?product=outfit-sport","title":{"rendered":"OUTFIT SPORT"},"content":{"rendered":"<p>Sportska elegancija.<br \/>\nCrveni set koji momentalno podi\u017ee energiju i samopouzdanje. Udoban, mekan i topao, ali s jasnim modnim stavom. Hoodie s nagla\u0161enim ramenima daje strukturu, dok jogger hla\u010de osiguravaju maksimalnu udobnost. Nosiv od jutra do ve\u010deri \u2013 za grad, putovanja ili casual chic look uz statement jaknu. Jednostavan, upe\u010datljiv i beskrajno nosiv.<\/p>\n<p>Crna bomber jakna modernog kroja s izra\u017eenim modnim detaljima. Lagani sjajni materijal kombiniran je s dekorativnim til-volanima na rukavima koji jakni daju statement karakter. Idealna za slojevito no\u0161enje \u2013 podi\u017ee i najjednostavniji outfit te spaja sportsku bazu s urbanim, fashion izrazom.<\/p>\n","protected":false},"excerpt":{"rendered":"<p>Sportska elegancija. Crveni set koji momentalno podi\u017ee energiju i samopouzdanje. Udoban, mekan i topao, ali s jasnim modnim stavom. Hoodie s nagla\u0161enim ramenima daje strukturu, dok jogger hla\u010de osiguravaju maksimalnu udobnost. Nosiv od jutra do ve\u010deri \u2013 za grad, putovanja ili casual chic look uz statement jaknu. Jednostavan, upe\u010datljiv i beskrajno nosiv. Crna bomber jakna [&hellip;]<\/p>\n","protected":false},"featured_media":5805,"template":"","meta":[],"product_brand":[],"product_cat":[39,149],"product_tag":[53,32,354,355,317],"class_list":{"0":"post-5804","1":"product","2":"type-product","3":"status-publish","4":"has-post-thumbnail","6":"product_cat-bitemystyle","7":"product_cat-outfit","8":"product_tag-bitemystyle","9":"product_tag-jakna","10":"product_tag-mommysgarden","11":"product_tag-outfit-sport","12":"product_tag-trenirka","14":"first","15":"instock","16":"taxable","17":"shipping-taxable","18":"purchasable","19":"product-type-woosb"},"_links":{"self":[{"href":"https:\/\/tiramol.com\/index.php?rest_route=\/wp\/v2\/product\/5804","targetHints":{"allow":["GET"]}}],"collection":[{"href":"https:\/\/tiramol.com\/index.php?rest_route=\/wp\/v2\/product"}],"about":[{"href":"https:\/\/tiramol.com\/index.php?rest_route=\/wp\/v2\/types\/product"}],"wp:featuredmedia":[{"embeddable":true,"href":"https:\/\/tiramol.com\/index.php?rest_route=\/wp\/v2\/media\/5805"}],"wp:attachment":[{"href":"https:\/\/tiramol.com\/index.php?rest_route=%2Fwp%2Fv2%2Fmedia&parent=5804"}],"wp:term":[{"taxonomy":"product_brand","embeddable":true,"href":"https:\/\/tiramol.com\/index.php?rest_route=%2Fwp%2Fv2%2Fproduct_brand&post=5804"},{"taxonomy":"product_cat","embeddable":true,"href":"https:\/\/tiramol.com\/index.php?rest_route=%2Fwp%2Fv2%2Fproduct_cat&post=5804"},{"taxonomy":"product_tag","embeddable":true,"href":"https:\/\/tiramol.com\/index.php?rest_route=%2Fwp%2Fv2%2Fproduct_tag&post=5804"}],"curies":[{"name":"wp","href":"https:\/\/api.w.org\/{rel}","templated":true}]}}