{"id":5742,"date":"2026-01-27T17:25:47","date_gmt":"2026-01-27T17:25:47","guid":{"rendered":"https:\/\/tiramol.com\/?post_type=product&#038;p=5742"},"modified":"2026-01-27T18:13:52","modified_gmt":"2026-01-27T18:13:52","slug":"mammamia-art-1","status":"publish","type":"product","link":"https:\/\/tiramol.com\/?product=mammamia-art-1","title":{"rendered":"MAMMAMIA ART 1"},"content":{"rendered":"<p>Brand: MAMMAMIA ART<br \/>\n\u0160ifra artikla: MIA 89, majica Thai<br \/>\nArtikal: majica<br \/>\nMaterijal: 95% pamuk, 5% elastin<br \/>\nVeli\u010dina: one size<\/p>\n<p>Model je visine 173cm, nosi veli\u010dinu one size <\/p>\n","protected":false},"excerpt":{"rendered":"<p>Brand: MAMMAMIA ART \u0160ifra artikla: MIA 89, majica Thai Artikal: majica Materijal: 95% pamuk, 5% elastin Veli\u010dina: one size Model je visine 173cm, nosi veli\u010dinu one size<\/p>\n","protected":false},"featured_media":5735,"template":"","meta":[],"product_brand":[],"product_cat":[48,117,189],"product_tag":[331,105,49,329,330],"class_list":{"0":"post-5742","1":"product","2":"type-product","3":"status-publish","4":"has-post-thumbnail","6":"product_cat-majica","7":"product_cat-mamma-mia-art","8":"product_cat-mammamia-art","9":"product_tag-be-unique","10":"product_tag-hrvatski-dizajn","11":"product_tag-majica","12":"product_tag-mammamia-art","13":"product_tag-pamuk","15":"first","16":"instock","17":"taxable","18":"shipping-taxable","19":"purchasable","20":"product-type-simple"},"_links":{"self":[{"href":"https:\/\/tiramol.com\/index.php?rest_route=\/wp\/v2\/product\/5742","targetHints":{"allow":["GET"]}}],"collection":[{"href":"https:\/\/tiramol.com\/index.php?rest_route=\/wp\/v2\/product"}],"about":[{"href":"https:\/\/tiramol.com\/index.php?rest_route=\/wp\/v2\/types\/product"}],"wp:featuredmedia":[{"embeddable":true,"href":"https:\/\/tiramol.com\/index.php?rest_route=\/wp\/v2\/media\/5735"}],"wp:attachment":[{"href":"https:\/\/tiramol.com\/index.php?rest_route=%2Fwp%2Fv2%2Fmedia&parent=5742"}],"wp:term":[{"taxonomy":"product_brand","embeddable":true,"href":"https:\/\/tiramol.com\/index.php?rest_route=%2Fwp%2Fv2%2Fproduct_brand&post=5742"},{"taxonomy":"product_cat","embeddable":true,"href":"https:\/\/tiramol.com\/index.php?rest_route=%2Fwp%2Fv2%2Fproduct_cat&post=5742"},{"taxonomy":"product_tag","embeddable":true,"href":"https:\/\/tiramol.com\/index.php?rest_route=%2Fwp%2Fv2%2Fproduct_tag&post=5742"}],"curies":[{"name":"wp","href":"https:\/\/api.w.org\/{rel}","templated":true}]}}